15).
-12
What is 31 + (-1 - ((-3 - -8) + -14))?
39
Calculate -9 - ((-3 - -2) + -4 + 14).
-18
What is the value of 6 - (-286 - -278 - (14 - 0))?
28
Calculate 49 - (7 + 8 + 11 + -10).
33
Calculate 3 + -11 + 7 + (4 - -1) - 0.
4
18 + 0 + -21 - -11
8
Calculate (68 - 56 - (3 + 4)) + -24.
-19
What is the value of 3 + -1 - (4 - -4) - -7?
1
(19 - (11 - 2)) + (0 - 12)
-2
What is the value of -7 + -1 + 8 + 4 - 8?
-4
Evaluate (-54 - -16) + 14 - (-4 + 2).
-22
What is 0 + -1 + (22 - 9 - 4)?
8
Evaluate -247 - -247 - (-14 + -1 + -3).
18
3 + -16 - (-121 - -117)
-9
What is -32 + -2 - (-16 - 2)?
-16
Evaluate 5 - (10 - (23 + -9)) - -3.
12
Calculate -4 + (10 - 3) - 1.
2
162 + -110 - (6 + 25)
21
(-1 - 1) + (-20 - -26) + -12
-8
What is the value of -32 + (7 - (-8 + 9 + -5))?
-21
-13 - -1 - (-1 - -6 - (14 - 13))
-16
4 + -8 - -10 - 10
-4
Evaluate -20 + 47 + -22 - 37.
-32
What is the value of -10 - (8 + -10) - -9 - (-3 - 6)?
10
Calculate -5 - (-12 - 2 - 1).
10
What is the value of (-41 - -1) + (11 - (21 - 6) - -12)?
-32
Calculate -1 + 14 + 20 + 33 + -40.
26
10 + -2 - (-97 - -106)
-1
Evaluate -13 + -5 - (0 + -1) - (309 + -299).
-27
What is -24 + 19 - ((-4 - -7) + -10) - 28?
-26
Calculate (-422 - -428) + ((1 - 6) + 0 - -2).
3
Evaluate ((-8 - -17) + -7 - -5) + -9 - 17.
-19
What is the value of (10 - (4 - -1)) + 5 + -2?
8
Evaluate (7 - (5 - 10)) + -38 + 40.
14
Evaluate 0 + (-4 - -12 - ((-12 - 1) + 0)).
21
What is (2 - (14 + -21)) + -18?
-9
What is -511 - -507 - (-1 + -1)?
-2
Calculate -2 + -20 + (-9 - -17) + -12.
-26
Calculate (1 - -2) + (-22 + 30 - 2).
9
What is the value of -6 - (7 + -31 + -6) - 5 - 7?
12
Evaluate -12 - (16 + -8 + 1) - -4.
-17
Evaluate -3 + -16 + 3 - -18.
2
Evaluate 26 - (7 + 34 - 43).
28
Calculate (-1 - (-13 + (-2 - -10))) + 14.
18
11 - (13 - (25 - (4 + 3)))
16
Evaluate 3 + (-12 - (-16 - 14) - 9).
12
Calculate -9 - -13 - -6 - 14.
-4
Evaluate 2 - (-4 - (-10 + -4)) - (1 - 4).
-5
What is the value of -2 - 10 - -12 - 12?
-12
What is the value of -12 + 37 + (-39 - -36 - (-10 - -2))?
30
What is the value of -1 + -28 - (3 + -6) - (23 + -33)?
-16
What is the value of -67 + 69 + (-2 - -11)?
11
What is -1 + 3 - (191 + -209) - -2?
22
What is the value of 4 + (0 - 2) - -1 - (42 + -46)?
7
1681 - 1760 - (0 - 44)
-35
What is (-7 - 2) + 59 + -58?
-8
(-32 - -27) + (0 - 2) + 10
3
Evaluate -4 - (1 + -4) - (15 + -16).
0
(-136 - -131) + (18 - 3)
10
(38 - 42) + -16 + 44
24
Calculate (-5 - 2) + 2 - -6.
1
Evaluate (3 - 11) + -11 + (0 + 0 - 1).
-20
What is -13 + -20 - -54 - 19?
2
What is the value of -25 - ((-62 - 0) + 19)?
18
Calculate 35 - -5 - (3 + 9 + 0).
28
Evaluate (-2 - 14) + (14 - -18).
16
Calculate -5 - 3 - (2 - 5).
-5
What is -12 + 1 - (-5 + 8 + 3 + 2)?
-19
Evaluate 1112 - 1093 - (10 + 1).
8
What is the value of -1 + 8 + -13 + 1 - -1?
-4
What is the value of 12 + (-12 - (16 - 14)) + -11?
-13
Evaluate 14 - 17 - -2 - 9.
-10
What is -5 + 2 + (0 + -3 - 1)?
-7
What is the value of 4 + -10 + (0 - -22 - 16)?
0
Calculate -8 + 5 + -3 + 5 + -4.
-5
What is 15 + (-4 - -3) + 8?
22
Evaluate 16 - (0 - (-5 - (-3 - 0))).
14
What is -2 - (12 - ((-9 - -12) + 2))?
-9
What is 17 - (-6 + (1 - -5 - -2)) - 0?
15
Evaluate 5 - (6 + -8 + 5 - -13 - -3).
-14
What is the value of (-4 + -1 - (65 - 73)) + (1 - -5)?
9
Evaluate (-18 + (5 - -2) - -3) + 12.
4
Evaluate -15 + -3 + 1 + 10 + 9.
2
Evaluate 16 + 23 + -5 + -20.
14
What is (-22 + -27 - -28) + -1 + 0?
-22
What is the value of 1 + (-74 - -47) + (3 - -2)?
-21
What is 0 + (-1 - (5 + -6 + 5 + -10))?
5
Evaluate 16 + (10 + -1 + -7 - 4) + -5.
9
What is 2 - (-12 + (-11 - (-5 + -6)))?
14
3 + -6 - (10 - (-2 + 6 + 5))
-4
Calculate 19 + (-19 + -18 - (-4 + -6)).
-8
Evaluate 5 + (-10 - -6) + 2 + -11.
-8
Calculate (2 + -21 - (25 + -46 + 27)) + -11.
-36
Evaluate -2 + -22 - (20 - 16 - 13).
-15
Evaluate 20 - (-1 + -3 + (3 - -6)).
15
-2 + 4 + 1 + 15 + (5 - 11)
12
Calculate -14 - (-7 - (8 + -7)).
-6
Calculate 14 + -8 - (14 + -2).
-6
What is (-21 - -3) + (52 - 41)?
-7
What is -7 - (4 + -1) - (31 - 23)?
-18
What is 4 - (-5 - (-3 + -6) - (1 + -5))?
-4
-3 + 11 + 2 + 0 - (-190 - -184)
16
What is -24 - 1 - (24 + -28 + -5)?
-16
-12 + 12 + -8 + (16 - 2 - -3)
9
Calculate (1 - -7 - (-7 - -9)) + 4.
10
What is -5 + (-2 - 0) + -87 + 88?
-6
What is the value of -2 - (-5 - (0 - 12))?
-9
What is -1 + 12 + -2 + (3 - (12 - 12))?
12
What is the value of -7 - 6 - (-1 + (0 - -5))?
-17
Evaluate 19 + (9 - (-10 + 27)) + (0 - -1).
12
0 - -2 - (7 + -4)
-1
What is (-1 - 9) + (-17 - (11 + 8 + -41))?
-5
Calculate 1 + (4 - (1 - ((8 - 6) + -6))).
0
Calculate 296 + -304 - (2 + -23 - -2).
11
Evaluate 8 + (2 - 0) + (1 - 3).
8
20 + (-141 - -143) + 1 + 8
31
Calculate 167 + -160 - ((0 - -3) + -1 + 2).
3
What is (-10 - (5 + 6 + -11 - 4)) + -27?
-33
Calculate -25 - (25 + -5 - 9 - 22).
-14
Evaluate ((-12 - -3) + 14 - 11) + (1 - 10).
-15
Evaluate 17 - 35 - (-3 + -23).
8
Evaluate -1 + 9 - ((-18 - -21) + -14).
19
Calculate -10 + (-28 - -16 - -9).
-13
-1 + 1 - (-22 + 19 - 4)
7
What is 4 - (4 + (15 - 0) + (37 - 40))?
-12
What is the value of -19 + 14 + -1 + (3 - 4)?
-7
Evaluate 5 - 7 - -1 - 9.
-10
What is the value of -5 - (24 - (-2 - -7)) - (8 + -6)?
-26
Calculate -2 + (-9 - (20 + -27)) - (1 - -13).
-18
Calculate 0 - 31 - (-24 - -14).
-21
Evaluate (2 - 0) + 170 + -175 + 9.
6
Calculate -3 + 3 + 7 + 5 + -4 + -3.
5
Evaluate 5 - (3 - 0 - 5).
7
Calculate 7 + -24 + (1 - -1 - -6) + 29.
20
What is the value of -32 - -11 - ((-4 - 0) + 2)?
-19
What is the value of (-5 - (-13 + 6)) + -40 + 36?
-2
Calculate -16 + 37 + -35 - -25.
11
Calculate -6 - ((11 - 1) + -8) - -4.
-4
454 - 482 - (-1 + -47)
20
Calculate -1 + -2 + (-33 + 74 - 29).
9
(0 - -10) + 40 + -59 + 8
-1
(26 - 1) + -258 + 239
6
37 + -54 + 18 + 11
12
What is the value of -22 + (54 - 22) - 2?
8
Calculate -34 - (28 + -60) - (5 - 2).
-5
What is the value of (12 - (10 + 6)) + (6 - (1 - 2))?
3
Calculate 33 + (-20 + (0 - 3) - -10).
20
(-2 - (-25 - 4)) + (1 - (-20 - -29))
19
Evaluate -8 + 17 + -1 + -20.
-12
What is the value of 12 + 0 + (-1 - 5) - (-1 - 1)?
8
What is the value of (4 - 0) + (-4 + 4 + -2 - 3)?
-1
What is 2 - (-20 - (19 + -28))?
13
What is 1 - (-1 - 1) - -3 - (-112 + 112)?
6
What is the value of (9 + -12 - (-7 + -18)) + 2?
24
-30 + (-25 + 17 - -12)
-26
Evaluate -9 + -4 - 10 - -17.
-6
Evaluate 24 + 6 + -29 + 3.
4
-10 + 8 + 13 - 14
-3
(8 - -4) + (-59 - -44) - -13
10
Evaluate 6 + -1 - (-356 + 306) - 19.
36
What is 10 - (-27 + 62 + -20)?
-5
Evaluate (31 - (-31 + 52)) + -35 + 0.
-25
What is the value of 1 - 4 - (-52 - (27 - 70))?
6
What is the value of 20 - (27 - (-3 + 18))?
8
(9 - -1) + (-4 - (-16 + 14)) + -4
4
What is -7 - ((-11 + 7 - -1) + 4 + -6)?
-2
-1 + 0 + 2 + (26 - 41) + 2
-12
Evaluate (-1 - 3) + (-3 - -28 - 52).
-31
Evaluate -6 - (-7 - (-4 + -31)) - -5.
-29
What is 30 - 33 - (0 - -4) - 12?
-19
What is -5 - ((-2 - -7 - (1 + 6)) + -5)?
2
21 - 38 - (9 + 0) - 2
-28
Evaluate -27 + -17 - (-23 + -3).
-18
Evaluate 6 - (-6 - -7) - (1 + 0 - -2).
2
What is 64 + -65 - (2 + -21)?
18
Evaluate (6 - ((1 - -3) + -5) - 11) + 5.
1
Evaluate 1 + (-12 + 12 + 3 - (1 + 4)).
-1
What is the value of -14 + (4 - -6) - 2?
-6
Evaluate (12 + 2 - 7) + (0 - 9).
-2
Evaluate -11 + 6 + -8 + 7 + 0.
-6
What is the value of 5 - (-2 + 3 + 6 + -3)?
1
Evaluate -30 + 35 + (-2 - 17).
-14
2 + -1 + -7 + (261 - 259)
-4
Calculate -3 - (18 - -4) - -38.
13
Calculate -1 - (-13 - (2 + -1 + 5)).
18
What is the value of (-19 - 10) + -11 + 63?
23
-4 + 24 + -9 + -6
5
(65 - 41) + 5 + -63
-34
What is 12 + (-23 - -10) + -1?
-2
10 - (-3 + (-6 - -11) + 6)
2
What is -25 - (-76 + 25) - 27?
-1
4 + 6 + (13 - 5)
18
What is the value of (-10 - -10) + 11 - (3 - 4)?
12
Calculate 7 + (-16 - (-24 - 8)).
23
Evaluate -1 - -8 - (54 + -54).
7
What is (10 - 4) + -11 + 27?
22
What is (77 - (124 - 61)) + (0 - (0 + 5))?
9
What is (8 - (10 + 1)) + -3 - (-14 + 5)?
3
Calculate -4 - (-3 - (16 + -15 + (-5 - 1))).
-6
Evaluate -8 - (8 - 19) - (-20 - -9).
14
(-7 - 2) + -5 + 16 + 17
19
Calculate -1 + -5 - (2 - 2) - (-108 + 93).
9
(0 - (-7 + (14 - 5))) + -14
-16
Evaluate 5 + -1 - (9 + 7 + -21).
9
Calculate -5 + (19 - -1) + -42.
-27
Calculate (-1 - -13) + -9 + (26 - (5 + 5)).
19
-3 + (6 - (-22 - ((-9 - -6) + 1)))
23
Evaluate 1 + (10 - -1) - (-126 - -139).
-1
What is (12 - -2 - 18) + -2 + 1 + -1?
-6
Calculate -8 + (-4 - 1) + 67 + -50 + 